p**3 + 6*p**2 + 5*p + 4. Give q(j).
4
Let l(y) = -2*y**2 - y. Suppose b + 4*x + 1 = 0, b + 0 = 3*x - 1. What is l(b)?
-1
Let r(c) = c**3 + 14*c**2 - 17*c - 26. Suppose -5*i - 70 = x, 2*i - 4*x + 31 = -19. What is r(i)?
4
Let h(t) = -2*t**2 + 2*t. Let s(u) = -11*u**2 + 17*u + 6. Let d(q) = 6*h(q) - s(q). Give d(-5).
-6
Let q(h) = -9. Let w(s) = -s - 44. Let f(u) = -11*q(u) + 2*w(u). Let j(y) = y**3 - 87*y**2 + 87*y - 75. Let k be j(86). What is f(k)?
-11
Let n(k) = -5*k + 3. Let g(l) = -5*l + 3. Let r(t) = -6*g(t) + 5*n(t). Let d = -15 - -15. Suppose -6*m + 2*m + 12 = d. What is r(m)?
12
Let v(b) = -17*b + 222*b**3 - 6*b**2 - 70*b**3 - 72*b**3 - 79*b**3 + 4. What is v(8)?
-4
Let o(l) = 13 + l + 13 - 25 + 2. Calculate o(-11).
-8
Suppose 2*g = -4*t + 30, -4*t - 3 = -g + 24. Let a = 14 - g. Let w(n) = -n**3 - 6*n**2 - 3*n + 7. Determine w(a).
-3
Let p(s) = -s**3 + 6*s**2 + 7*s + 3. Let f(w) = -6*w + 1. Let d = 24 + -26. Let m(u) = -u**3 - u**2 + 4*u + 3. Let c be m(d). Let x be f(c). What is p(x)?
3
Let i(v) be the second derivative of -1/2*v**3 + 7/2*v**2 - 14*v + 1/20*v**5 + 0 + 1/3*v**4. Suppose 13 = -5*g - 12. Determine i(g).
-3
Let u(a) be the first derivative of a**4/4 + 4*a**3/3 + a**2/2 + 6. Suppose r + 0*r = y + 28, -r - 5*y = -46. Let c = r + -35. Determine u(c).
-4
Let x(f) be the second derivative of f**5/20 - f**4/2 + 7*f**2/2 - 2*f. Suppose 0 = -2*k + 4*n + 17 - 103, 0 = 3*n + 3. Let g be (-2)/(3*5/k). Determine x(g).
7
Suppose 2*f + x = -x + 18, 33 = 4*f + 3*x. Let n(b) = -b**3 + 5*b**2 + 5*b + 5. What is n(f)?
-1
Let r(z) be the second derivative of z**5/20 - 2*z**4/3 + 5*z**3/3 - 7*z**2/2 - 2*z + 1. Calculate r(7).
14
Let l(n) be the third derivative of n**4/24 + 2*n**3/3 + 3*n**2 + 19*n. Calculate l(2).
6
Let s(a) = 2*a**3 - a**2 - 2*a + 1. Let f(o) = o**2 + 8*o + 10. Let q be f(-2). Give s(q).
-15
Let p(f) = -2*f**2 - 6*f + 4. Let o(q) = 6*q**2 + 15*q - 11. Let d(u) = 4*o(u) + 11*p(u). Give d(4).
8
Let s(q) be the third derivative of -3/20*q**5 - 1/120*q**6 + 0*q - 6*q**2 + 2/3*q**3 + 0*q**4 + 0. Give s(-9).
4
Let o = -3330 - -3325. Let g(u) = u. Let a(f) = f**2 - f + 1. Let z(b) = a(b) + 3*g(b). Calculate z(o).
16
Let l(v) be the first derivative of -1/4*v**4 - v**3 - 20 + v**2 - 5*v. Determine l(-4).
3
Let t(g) = -g**3 + 3 - 12*g - 25*g**2 + 2*g**3 + 17*g**2. Calculate t(9).
-24
Let y(z) = -z**2 + 5*z + 3. Suppose 7 - 3 = 4*g, -3*w + 4*g = 19. Let o = w + 5. Let m(b) = -3*b + 5. Let q be m(o). Calculate y(q).
3
Let c be (-2)/8 - (-2)/8. Let h be (3/(-4))/((-93)/248). Let y(d) = -3*d**2 - 8 + d + 2 + d**h + 3*d**2. Give y(c).
-6
Let g = -4 - -10. Let x(d) = 6 - d**3 - 5*d**2 - 7*d + 5*d**3 + 3*d**2. Let f(t) = 5*t**3 - t**2 - 7*t + 6. Let b(k) = -3*f(k) + 4*x(k). What is b(g)?
0
Suppose 0 = -2*u - 0*u - 2*h + 20, -u = 3*h. Suppose 5*o + u = 0, -o - 6 = -w - 0*o. Let d be w*(0 - 1) - 0. Let a(v) = -2*v**2 - 2*v. Determine a(d).
-12
Let y = -9 - -17. Suppose 3*z + y = -d + 20, -d - 2*z = -9. Suppose d*g = -2*j - 10, 4*j + 5*g + 20 = 2*g. Let l(m) = -m + 1. Give l(j).
6
Let a(i) = 0*i - 1 + 0*i - 1 + i + i**2. Let q be -2 + -3 - 3*-1. Calculate a(q).
0
Suppose -o - 17 = 2*n, 2*n + 18 = 11*o - 13*o. Let g(q) = -q**3 - 8*q**2 + 2*q + 11. What is g(n)?
-5
Let d be 175/(-30) - 12/72. Let m(w) = -12*w - 3. Give m(d).
69
Let g(t) = -6*t**2 - 2*t. Let w be g(-2). Let z = w - -36. Suppose -z + 8 = 2*b. Let v(a) = 2*a + 2. Calculate v(b).
-6
Let m be (-4)/8 - 6/(-4). Let s = 1 + m. Let w(d) = 4*d**3 + 2*d - 1. Let i(l) = -7*l**3 - 3*l + 2. Let c(a) = -3*i(a) - 5*w(a). Determine c(s).
5
Let c(t) = -3*t - 2*t - 3 + t + 4. Suppose 3*l = 4*l, 3*l = 4*u + 8. Let w = u + 0. Calculate c(w).
9
Let g(h) = 8 - 1647*h**3 + 10*h**2 + 2 + 826*h**3 + 820*h**3. Let t be -1 - 0 - (-10 + -1). What is g(t)?
10
Let i(b) = 19*b**2 - 3*b - 11. Let a(n) = 4 + 3*n**2 + 2*n**2 - 17*n**2 + n + 6*n**2. Let w(m) = 11*a(m) + 4*i(m). Give w(-1).
11
Let a(l) = 4*l + 11. Let t(n) = -n. Let v(w) = 4*w - 11. Let r be v(4). Let j(m) = r*t(m) + a(m). What is j(10)?
1
Let m(q) = q - 1. Suppose 0 = 3*l - 2*l + 15. Let s(x) be the third derivative of -x**4/24 - 5*x**3/3 + 16*x**2. Let a be s(l). Give m(a).
4
Let y(q) = -3*q + 3. Suppose 3*k = -k - 3*v + 27, -2*v + 7 = -k. Let n(z) = k - 12 + 5*z + 4. Let l(j) = 6*n(j) + 11*y(j). Determine l(2).
-3
Suppose 5*g - 5*u = -60, -10*g + 11*g + 32 = 5*u. Let a(y) = -y**3 - 6*y**2 + 6*y + 4. Calculate a(g).
11
Suppose 3*d = -4*t + 23, -2*t - 6 = -0*t - 2*d. Suppose t*a - 150 = -3*a. Suppose 0 = -k - z - 3*z, a = 4*k + z. Let q(h) = -h**2 + 9*h - 11. What is q(k)?
-3
Suppose -7 = 4*r - 9*r + 4*z, 5*r + 4*z = 23. Let h(t) be the third derivative of t**5/30 - t**4/6 + t**3/3 + 2*t**2. Give h(r).
8
Let y(m) = 12 - 1014*m**2 + 6*m + 3*m + 1013*m**2. Give y(11).
-10
Let u(w) = w**3 + 3*w**2 + 2*w. Let p be (63/(-21))/(1/1). Determine u(p).
-6
Let f(v) be the second derivative of 0 + 4*v - 1/12*v**4 - 1/6*v**3 + 7/2*v**2. Let i(w) be the first derivative of f(w). What is i(4)?
-9
Let d(v) = -3*v**2 + 4*v + 3. Let w = -362 + 366. Determine d(w).
-29
Let j(h) = 5. Let q(b) = -1. Let a(u) = -j(u) - 6*q(u). Let y(k) = -k - 14. Let r(w) = -4*a(w) - y(w). Calculate r(-14).
-4
Let x(t) be the first derivative of 2*t**3/3 - 3*t**2/2 - 7*t + 17. Let g(r) be the first derivative of x(r). Calculate g(4).
13
Let p(y) = y**3 - 3*y + 1. Let g(q) = -4*q + 18. Suppose -4*z = h - 8, 0*h - 13 = -2*h - 5*z. Let n be g(h). Calculate p(n).
3
Let d be -3*(3 + -2 + -2). Let m(g) = 5*g - 5*g + d*g - 1 - 2*g. Let f(h) = -h**3 + 2*h**2 + 2*h - 2. Let x be f(3). Calculate m(x).
-6
Let m(d) = d**3 + 12*d**2 - 3*d - 26. Let a = 997 + -1009. Give m(a).
10
Suppose -b = b - 114. Let w = -64 + b. Let j(d) = d**2 + 8*d + 8. Give j(w).
1
Let x(u) be the third derivative of u**5/60 + u**4/6 + u**3/2 - 4*u**2. Let i = 27 + -25. Let n be 4 - i - (4 - -1). What is x(n)?
0
Let x be (-3)/(14/(-8) + -2) - 222/(-185). Let c(j) = -11*j - 8. Let f be 2/((-2)/(-1))*6. Let l(o) = 32*o + 23. Let u(b) = f*l(b) + 17*c(b). Calculate u(x).
12
Let o(l) = -l**3 + 9*l**2 + 2*l. Suppose -12 = 4*p - 5*t - 33, 3*p - t = 24. Calculate o(p).
18
Let s(p) = 3*p**2 - 4*p - 28. Let g be s(4). Let y(q) be the third derivative of 1/60*q**5 + 5/6*q**3 + 1/4*q**g + 0*q + 0 - 11*q**2. Determine y(-6).
5
Suppose -4*d = 3*i + 10, -4*i + 3*d + 12 = -8. Let s(y) = 34*y - 17*y - 2*y**2 + 3*y**i - 8 - 23*y. Give s(6).
-8
Suppose 0 = 2*n + 3*s - 20 + 23, 0 = n + s + 3. Let v(k) be the second derivative of -1/6*k**3 + k - 11/2*k**2 + 0. Determine v(n).
-5
Let p(o) = o**3 + 16*o**2 + 18*o + 34. Let s be 42/(-3) + (-1 - (-1 - -1)). What is p(s)?
-11
Let m(d) = -106*d + 10 - d**2 + 34*d + 33*d + 32*d. Give m(-8).
2
Suppose n + 4*f = 9, f + 2*f = n - 16. Let j(i) = -i**3 - 11*i**2 - 4 + n*i**2 - 4*i**2. Give j(-4).
28
Let g(w) = 3*w**2 - 2*w - 3. Let u(m) = -2*m**2 + 4*m + 3. Let k(f) = 4*g(f) + 3*u(f). Give k(2).
29
Let b(q) = -5*q + 1059 - 2087 + 1047. Calculate b(4).
-1
Let a(n) = -13*n**2 - 17*n - 8. Let i(d) = 2*d**2 + 2*d. Let j(k) = a(k) + 6*i(k). Determine j(-4).
-4
Suppose -54*g - 205 = -13*g. Let j(x) = -3*x + 4. Give j(g).
19
Suppose -10*o + 14*o = -24. Let z(i) = 9*i**2 - 6*i - 7. Let x(u) = 11*u**2 - 7*u - 6. Let r(f) = o*z(f) + 5*x(f). Suppose -5*j = -2*j. Determine r(j).
12
Let p be 28/(-266) + 3 + (-450)/57. Let m(v) = 4*v - 5. Give m(p).
-25
Let a(j) be the first derivative of -j**3/3 + 5*j**2 - 15*j - 423. What is a(6)?
9
Let s(g) = -g + 10. Let v(w) = -w**2 - 6*w + 11. Let d be v(-6). Calculate s(d).
-1
Let k(d) = d + 9. Let n be (-7)/(-3) - 6/(-9). Suppose 0 = -q - n*q - 20. Give k(q).
4
Suppose -9*w = -11*w + 28. Let k(p) = w - 21 + p + p. Calculate k(5).
3
Let g(s) = 16*s**2 + 34*s + 19. Let i(h) = -3*h**2 - 7*h - 4. Let v(p) = 2*g(p) + 11*i(p). Determine v(-8).
2
Let o(c) = c**2 - 2*c - 11. Suppose 200 = v + 204. Calculate o(v).
13
Let n(d) be the third derivative of d**5/30 - d**4/12 + 83*d**2. Give n(-3).
24
Let g = 355/1071 - -2/1071. Let v(l) be the first derivative of 3*l**2 - g*l**3 + 7 + 2*l. Calculate v(6).
2
Let c(g) be the first derivative of 5/2*g**2 - 4 - 1/3*g**3 + 5*g. Suppose -3 = 5*u - 28. Determine c(u).
5
Let f(m) = -m**2 + 3*m + 1. Let r(u) = u**2 - 11*u - 97. Let c be r(17).